pose 3*f + l + 6 = 0, 3*f - f - 3*l = 7. Let q be (f + 3)*(2 - 0). Suppose -q*o - 2 = -38. What is the units digit of o?
9
Let t = -6 + 13. Let x(w) be the first derivative of -w**3/3 + 9*w**2/2 - 7*w - 7. What is the units digit of x(t)?
7
Suppose 7*x - 3*x = 5*v - 42, -v + 4*x = -2. What is the tens digit of v?
1
Let u be -1 + 4 + 0 + 0. Suppose 0*r = u*r. What is the units digit of (-10)/(-50)*(5 - r)?
1
Let r(g) = -2*g + 14 - 3*g**2 + 13*g + 6*g**2 - 2*g**2. Let p be r(-10). Let u = p + -3. What is the units digit of u?
1
Suppose 4*j = 4*y + 100, 2*y = -2*j - 0*y + 66. What is the tens digit of j?
2
Let g be 46/8 + 5/20. Let r(u) = -10*u + 3*u**2 + 3*u**2 + g + 4*u - u**3. What is the units digit of r(5)?
1
Suppose -o - 9 = -2. Let w(j) = 6*j**3 + j**2 - 5*j - 2. Let i(l) = -7*l**3 + 5*l + 3. Let v(u) = -5*i(u) - 6*w(u). What is the tens digit of v(o)?
1
Let b = 196 - 121. What is the tens digit of b?
7
Let b(n) = n + 3. Suppose p = 2*p - 4. What is the units digit of b(p)?
7
Suppose 2*l + 0*l = -2*o - 6, 0 = -2*l + o - 9. What is the tens digit of 132/9 - l/(-6)?
1
Let c(k) = k**3 - 8*k**2 + 9*k + 4. Let f be c(7). Suppose 5*d + 19 = 4*h + 4*d, -2*d - f = -4*h. What is the units digit of h?
5
Let y = -84 - -133. Let g = 2 + y. What is the tens digit of g?
5
Suppose -2*w + 16 = 3*p, -2*p = w - 0 - 9. What is the units digit of p?
2
Suppose -u - 4*l = -2*u + 93, 3*u - l - 312 = 0. Suppose -4*j = -9*j + u. What is the tens digit of j?
2
Let u be 1 - ((1 - 1) + -10). Let z = u - -4. Suppose 0 = 6*a - a - 4*c + z, 0 = 4*a - 2*c + 6. What is the units digit of a?
1
Let s(g) = -36*g + 1. Let p be s(-2). Suppose 5*w = 117 + p. What is the units digit of w?
8
What is the tens digit of 6/15 + (-144)/(-15)?
1
Let r = -4 - -4. Suppose r*n = 2*n - 4. What is the units digit of n/6 - 23/(-3)?
8
What is the hundreds digit of 2 - 3*(-402)/9?
1
Let k(f) = -f - 1. Let i be k(-10). Let g(u) = -u + 0*u - 3 + 2*u. What is the units digit of g(i)?
6
What is the tens digit of 20/5*(-78)/(-4)?
7
Suppose 3*i - 6*i - 19 = -5*a, -5 = -a. Suppose -6 = -2*j + 4. Suppose -4 - j = 2*s - 5*l, i*l - 10 = 0. What is the units digit of s?
8
Let t(r) = 14*r - 2. What is the units digit of t(5)?
8
Let a(d) = 15*d**3 - d**2 + 8*d - 7. Let u(z) = -30*z**3 + 2*z**2 - 17*z + 15. Let g(x) = 13*a(x) + 6*u(x). What is the units digit of g(1)?
5
Suppose 230 = 4*i - 222. What is the tens digit of i?
1
Suppose 4*b + 4*y = 40, b + 1 = y + 21. What is the tens digit of b?
1
Let z(a) = -a**3 - 4*a**2 + 3*a - 6. Let s be z(-5). Let x = s - 2. Let l(q) = 7*q. What is the tens digit of l(x)?
1
Let i be ((-6)/4)/(1/(-14)). Let t = 51 - i. What is the units digit of t?
0
Suppose 3*b = -0*f + f + 34, -2*b = 2*f - 28. What is the units digit of b?
2
What is the tens digit of 87/4 + 3/12?
2
Suppose -2*v + 152 = 4*b, 3*b + 47 + 112 = 2*v. What is the units digit of v?
8
What is the hundreds digit of 2 - 2 - (-216)/1?
2
Let p = -23 - -39. Let y = p - 10. Let b(c) = c**3 - 5*c**2 - 6*c + 3. What is the units digit of b(y)?
3
Let y be 30/(-4)*4/(-5). Suppose -4*n + 0*n - 3*u = -95, 2*u + y = 0. What is the tens digit of n?
2
Let o(y) = -y**2 + 6*y - 3. Let p be o(2). Suppose 0 = -5*z - 4*i - 10, -2*z + 3*i = -6*z - 9. What is the units digit of 2/(p/((-165)/z))?
1
What is the units digit of (-1)/(2 + (-380)/188)?
7
Suppose 3 + 1 = -2*h. Let d be h/(6/3)*0. What is the units digit of d - -2 - 12/(-1)?
4
Suppose -203 = -4*t + 81. What is the units digit of t?
1
Suppose 4*a + a - m - 150 = 0, a + 2*m - 41 = 0. What is the units digit of a?
1
Let y be (-5)/15 - 14/(-6). Suppose 4*l = 5*a - 1, 0 = -2*l - y*a + 4 - 0. What is the units digit of l?
1
Let o = -6 - -8. Suppose 5*g = o*l - 6*l + 19, 0 = 2*l - 4*g + 10. What is the units digit of l?
1
Suppose 4*p - 4*j = -56, 3*p = 2*p + 4*j - 26. Let h = -18 - p. Let l = h - -17. What is the units digit of l?
9
Let c(x) = x**3 - 4*x**2 + x - 3. Let w be c(4). Suppose -5*d = -4*y + 15, -2*y + 4*d + 12 = -7*y. What is the units digit of (2 - y)*(2 - w)?
2
Let h(k) = -k**3 - k**2 + 3*k - 2. Let a be h(-4). What is the units digit of 1/(3 + a/(-12))?
6
Let x(l) = 2*l - 5. Let p be x(5). Suppose -2*m = -p*m + 15. What is the units digit of m?
5
Suppose -5*m + 0*m = -90. Let g be ((-6)/9)/((-4)/m). Suppose 12 = x - g*y, 2 = -5*x - 3*y + 26. What is the units digit of x?
6
Let c = 15 + -7. Suppose -4*k + 32 = -c. What is the tens digit of k?
1
Suppose -3*t + 30 = 2*t. Let n = 1 - -12. Suppose -t*l - 12 = -2*l, 2*j - n = l. What is the units digit of j?
5
Let m(t) = -18*t. Let b be 10/8 + (-5)/20. Suppose 6 = -5*k + b. What is the units digit of m(k)?
8
Suppose 0 = -r + 2*z + 45, 2*r - 43 - 44 = 3*z. Suppose k = 4*k - r. What is the tens digit of k?
1
Let x = 4 + 199. What is the hundreds digit of x?
2
Suppose 2*s + h - 153 - 18 = 0, 3*s = -2*h + 254. What is the tens digit of s?
8
Suppose 3*y - 4*f = 103 + 18, 0 = -2*f + 10. What is the tens digit of y?
4
Let u = -2 - 0. Let v(p) = p**3 + 4*p**2 + 2*p + 1. What is the units digit of v(u)?
5
Suppose -y - 5*o - 14 = 0, 80 = -4*y + 4*o - 0. Suppose 5 = -3*c - 4. What is the tens digit of (y/2)/(c/6)?
1
Let h be (-12)/2*(-2)/4. Suppose -g + 36 = -23. Suppose -5*p - h*j + g = 0, -5*p + 0*j + j + 67 = 0. What is the units digit of p?
3
Let r = 100 + -101. Let u(f) = -f**3 - f**2 + f - 1. Let p(w) = 9*w**3 - w**2 + w - 3. Let h(b) = -p(b) + 2*u(b). What is the units digit of h(r)?
0
Suppose -4*d = -5*d - 31. Let a = -15 - d. Suppose a = 5*g - 34. What is the units digit of g?
0
Suppose 2*a = -2*p - 3*a + 42, 3*a = p - 43. What is the units digit of p?
1
Let k(y) = -y**2 - 6*y + 10. Let p be k(-7). Suppose -5*f - 26 = 2*x - 5*x, 8 = -2*f. Suppose w = -6 + x, -p*a + w + 22 = 0. What is the units digit of a?
6
Let g(u) = -u**3 - 6*u**2 + 10*u + 9. Let t be g(-7). Let j = t - -27. What is the tens digit of j?
1
Let i(d) be the third derivative of -d**5/60 + d**4/3 - d**3 + d**2. Suppose -3*s = -3*n + 18, -2*s - 2 + 10 = 2*n. What is the units digit of i(n)?
9
Let h(r) = -3*r**2 + r**2 - 5*r - r**2 - 9 + 4*r**2. What is the units digit of h(7)?
5
Let t = 12 + -10. What is the units digit of t?
2
Suppose 4*g = -2*i - 2, -4*g - 7 - 23 = -2*i. Let h(p) = 2*p - 2. What is the tens digit of h(i)?
1
Suppose 333 = 4*o - 5*l, 4*o - l + 45 = 358. What is the tens digit of o?
7
Let c = -19 + 27. Suppose 8 = 3*y - h, 4*h + c = -0. Suppose 2*i - 4*l = 0, -4*i = -0*l + y*l - 40. What is the units digit of i?
8
Suppose 3*d - j - 16 = j, -3*d - 19 = 5*j. Let w(x) = -2*x + x**3 + x - x**d - 1 - 3. What is the units digit of w(3)?
1
Let n(u) = -u**2 + 7*u - 5. Let l be n(6). Let y(d) = 8*d**2 - 2*d + 1. Let p be y(l). Suppose 0 = -2*f + 3 + p. What is the units digit of f?
5
What is the tens digit of (0 - -3) + 6 + 76?
8
Suppose 3*x + z - 2*z + 18 = 0, 14 = -x + 3*z. Let u(i) = -2*i - 4 - 4*i + 5*i. What is the units digit of u(x)?
1
Let n(a) = -a**3 - 6*a**2 - 8*a - 7. Let k be n(-5). Let t = k + -11. Let s(c) = -4*c - 4. What is the units digit of s(t)?
8
Let m(r) = r - 7. Suppose 0 = 3*n - 4*n + 9. What is the units digit of m(n)?
2
Suppose 5*f = 2 + 33. Suppose 4*o - 25 - f = 0. What is the units digit of o?
8
Suppose -4*i + 958 = 3*u, -5*i = 2*u - 3*u + 294. What is the tens digit of u?
1
Suppose 2*s - 3*x + x = 108, 2*s - 108 = 5*x. What is the units digit of s?
4
Let y = -14 + 91. What is the units digit of y?
7
Suppose -h - 4*h + 10 = 0. Suppose 5*d + 5*n = -10, h*n - n = -2*d - 2. Suppose d*r - 3*r + 18 = -3*v, v - 1 = 0. What is the units digit of r?
7
Let g(l) = l**2 - 4*l - 1. What is the units digit of g(5)?
4
Let k be (-1)/((-2)/28*2). Suppose 4*a + 2*c - 12 = 0, -3*a + 2*c = k*c - 16. Suppose 17 = z + a*x + x, 4*z + x = 24. What is the units digit of z?
5
Suppose -4*u = -5 + 1. Suppose 0 = m - 18 - u. What is the tens digit of m?
1
Let i = -54 - -32. Let w = 50 + i. Suppose -3*u = -4*r - 8, -5*u - 2*r - 6 = -w. What is the units digit of u?
4
Let j(h) = -40*h**3 + 2*h**2 - 1. Let l be j(-1). Suppose -3*q - 97 = -16. Let m = l + q. What is the units digit of m?
4
Let d(s) = 122*s + 2. What is the hundreds digit of d(1)?
1
Let o be (1 - 2) + -6 + 4. What is the units digit of 7*(4 + 6/o)?
4
Let i = -102 - -124. What is the ten